27637 a composite number?
True
Is 6102854878 composite?
True
Is 200969969 prime?
False
Is 28363061747 prime?
True
Is 1266609418 composite?
True
Is 67566899 composite?
False
Is 293805691 composite?
False
Is 28326644761 a composite number?
True
Is 158465537 a prime number?
True
Is 4213863133 prime?
False
Is 2081497223 a composite number?
True
Is 3650519459 composite?
False
Is 20664541391 a composite number?
True
Is 3884482801 prime?
False
Is 2327949931 a prime number?
False
Is 9074949305 a composite number?
True
Is 133932699337 composite?
True
Is 9670708249 a prime number?
True
Is 107014034719 a composite number?
True
Is 305516269 a composite number?
True
Is 122757893 prime?
False
Is 3540287573 composite?
False
Is 2257326727 a composite number?
True
Is 148486727 a composite number?
True
Is 33814933111 composite?
False
Is 324767431 prime?
True
Is 2177712463 a prime number?
True
Is 36265508427 a composite number?
True
Is 694873687 a composite number?
False
Is 729919807 a prime number?
False
Is 12724821559 a prime number?
True
Is 4341692618 composite?
True
Is 154485746241 a prime number?
False
Is 1050621043 a composite number?
False
Is 24532500385 a composite number?
True
Is 26099741057 a prime number?
False
Is 729191357 composite?
False
Is 65421753487 composite?
False
Is 3747529873 prime?
False
Is 5641839443 composite?
True
Is 836985947 prime?
False
Is 82219016279 a composite number?
True
Is 119381711 a prime number?
True
Is 266718187 composite?
True
Is 908889469 a prime number?
False
Is 723721769 a prime number?
True
Is 18912285517 prime?
True
Is 439296457 a composite number?
False
Is 788002483 prime?
True
Is 176362583 prime?
True
Is 1258062467 a composite number?
True
Is 3164493793 prime?
False
Is 27673888507 a composite number?
True
Is 6795793013 prime?
True
Is 774171115 prime?
False
Is 1928979263 a prime number?
True
Is 5190505153 a composite number?
False
Is 11374615631 a prime number?
True
Is 4355938667 composite?
True
Is 8272016429 a prime number?
False
Is 5526154757 a prime number?
False
Is 4047744011 composite?
True
Is 267525439 a composite number?
True
Is 449866853 a composite number?
False
Is 16445762173 a composite number?
False
Is 21345481 a composite number?
False
Is 5364263129 prime?
True
Is 70060120121 composite?
True
Is 178968293 prime?
False
Is 8523435857 a composite number?
False
Is 1009556133 a prime number?
False
Is 64406022959 prime?
True
Is 1575426637 composite?
True
Is 88381040933 prime?
False
Is 34307477 a prime number?
True
Is 4009321213 a composite number?
False
Is 7978454602 a prime number?
False
Is 1015662919 prime?
True
Is 4719963029 composite?
False
Is 262642141 a prime number?
False
Is 105302953 a composite number?
True
Is 30693749167 a prime number?
True
Is 8445771199 a prime number?
True
Is 1136425243 prime?
True
Is 38421585977 a composite number?
False
Is 13249822181 composite?
False
Is 98404190447 prime?
False
Is 935222333 a prime number?
False
Is 1160449607 a prime number?
True
Is 209296811 composite?
True
Is 5782571803 a prime number?
False
Is 53076207059 a composite number?
True
Is 13136387603 a composite number?
False
Is 27105988687 a composite number?
False
Is 11680874533 prime?
False
Is 957431327 prime?
False
Is 6823240777 a prime number?
True
Is 786657349 a prime number?
True
Is 20233863431 prime?
False
Is 1067033833 a prime number?
True
Is 2030743051 composite?
False
Is 1333754593 composite?
True
Is 1476890659 a prime number?
True
Is 24120605599 a prime number?
True
Is 70945038881 a composite number?
True
Is 24309097913 a prime number?
True
Is 6538709095 a prime number?
False
Is 74472641 composite?
True
Is 80919084619 a composite number?
True
Is 4722692809 a prime number?
True
Is 342381491 a composite number?
False
Is 64202532803 a composite number?
False
Is 62212894041 a composite number?
True
Is 759405437 composite?
True
Is 369625673 prime?
False
Is 7609840429 composite?
False
Is 958455683 a prime number?
True
Is 8402721659 composite?
False
Is 1040327819 a composite number?
False
Is 10913947403 a composite number?
True
Is 36230439659 a composite number?
False
Is 5306391731 prime?
False
Is 130769107 prime?
False
Is 147717426461 composite?
True
Is 1847669983 prime?
False
Is 136498997333 prime?
False
Is 3296369729 a composite number?
True
Is 33865673417 composite?
False
Is 38223423383 prime?
False
Is 65798742833 composite?
True
Is 29133934871 a prime number?
True
Is 696992189 composite?
True
Is 1158637019 prime?
True
Is 792144163 prime?
True
Is 15700403153 a composite number?
True
Is 25000281533 a composite number?
False
Is 49913914811 composite?
False
Is 12298958579 a prime number?
True
Is 42093067 prime?
True
Is 386876989 prime?
False
Is 562567171 a composite number?
True
Is 2737174679 a prime number?
False
Is 9338655511 composite?
False
Is 102661539 a composite number?
True
Is 350994187 composite?
False
Is 409829879 a composite number?
False
Is 21836280667 prime?
True
Is 304089287 a composite number?
True
Is 47567792983 a prime number?
False
Is 419386885 prime?
False
Is 814141421 prime?
False
Is 55630935151 composite?
True
Is 60417096133 a prime number?
True
Is 48270900197 prime?
False
Is 39057952807 a composite number?
False
Is 2657235917 prime?
False
Is 5445652402 composite?
True
Is 4341597919 prime?
True
Is 7489289935 prime?
False
Is 25107745523 composite?
True
Is 7011011999 a prime number?
False
Is 2781067739 composite?
False
Is 334444333 composite?
False
Is 14695578969 composite?
True
Is 121076052583 a composite number?
True
Is 2994968101 a prime number?
True
Is 300828641 a prime number?
True
Is 1465247087 a composite number?
True
Is 409409083 composite?
True
Is 45977408179 a prime number?
True
Is 211194925493 composite?
False
Is 83923157 a composite number?
False
Is 274786049 prime?
False
Is 204866869 prime?
False
Is 1447980229 a prime number?
True
Is 125758141283 prime?
True
Is 89982845611 prime?
False
Is 8365366519 a composite number?
True
Is 3443841239 prime?
False
Is 23168043214 a prime number?
False
Is 943312703 prime?
False
Is 136968617167 a composite number?
False
Is 3835859393 prime?
False
Is 29149934873 a composite number?
True
Is 2063783455 a prime number?
False
Is 339473737 composite?
False
Is 303309439 a composite number?
False
Is 222117609803 composite?
False
Is 57378441509 a composite number?
True
Is 153139627 prime?
False
Is 4141547727 prime?
False
Is 4706908189 a prime number?
True
Is 9972586957 a composite number?
False
Is 13250200507 prime?
True
Is 3226294957 prime?
False
Is 686599457 a prime number?
False
Is 2683258117 a composite number?
False
Is 5751503747 composite?
True
Is 25293393791 a prime number?
False
Is 2889335561 a composite number?
True
Is 1170365159 prime?
False
Is 1949374001 composite?
False
Is 16982356003 composite?
False
Is 18518974627 a composite number?
False
Is 5643310597 a prime number?
True
Is 18779008063 a composite number?
True
Is 6438290419 a composite number?
True
Is 264128453 a prime number?
True
Is 710097419 composite?
True
Is 429522409 composite?
False
Is 101574143791 composite?
False
Is 233831227 composite?
True
Is 489390169 composite?
True
Is 5435626967 a prime number?
True
Is 405357245 a composite number?
True
Is 84493136257 prime?
False
Is 706665871 a prime number?
True
Is 13134353743 prime?
False
Is 31390773478 a prime number?
False
Is 4423331695 prime?
False
Is 804689777 a prime number?
True
Is 1537337233 composite?
False
Is 137553115759 prime?
True
Is 271062427 composite?
False
Is 543404111 a prime number?
True
Is 29834235281 a composite number?
False
Is 546761297 a composite number?
True
Is 2645905331 composite?
True
Is 156764659 composite?
False
Is 13353565957 prime?
True
Is 873190169 a prime number?
True
Is 88899637273 composite?
True
Is 1421865717 composite?
True
Is 142329193 a prime number?
True
Is 151564125461 composite?
True
Is 6591363839 a composite number?
False
Is 7229450983 a prime number?
True
Is 374990281 a prime number?
True
Is 60594443995 prime?
False
Is 13367619487 a prime number?
False
Is 874563423 composite?
True
Is 306358553 prime?
False
Is 2210661377 a composite number?
False
Is 1916798743 composite?
False
Is 116509343 prime?
True
Is 10856758205 a composite number?
True
Is 16800770927 a prime number?
True
Is 4144739749